*a + 13. Suppose 4*g = -l - 2 + 6, 5*l = -4*g + 20. Let m be y(l). Let x = m + -50. List the prime factors of x.
67
Suppose -5*x + 3*s + 119 = 0, -4*x - 2*s = 3*s - 110. Suppose x*b - 2598 = 3052. List the prime factors of b.
2, 113
Suppose -24768*r - 17570 = -24782*r. List the prime factors of r.
5, 251
Let c(q) = 11*q + 15. Let o(s) = -1. Let g(v) = 10*v - 15. Let f(z) = g(z) - 30*o(z). Let p(i) = -3*c(i) + 4*f(i). What are the prime factors of p(3)?
2, 3
Let h(z) be the first derivative of -z**4/4 + 7*z**3/3 - 9*z**2/2 + 16*z + 37. Let x be h(6). Let n(i) = -58*i - 10. List the prime factors of n(x).
2, 53
Suppose 0 = 3*y + 5*i - 21, -9 = 2*y + 4*i - 25. Suppose -4*q - 4*n - 12 = -5*q, y*q + 4 = n. Let t = 178 - q. List the prime factors of t.
2, 7, 13
Let t(y) = 444*y**2 - 57*y + 545. List the prime factors of t(12).
131, 487
Let n = 167 + -170. Let c = n + 130. What are the prime factors of c?
127
Let x be 30*7/42 + -1 + 0. List the prime factors of x/2*19980/72.
3, 5, 37
Let t = 436 + -368. Suppose 72*c = t*c + 788. What are the prime factors of c?
197
Suppose -4*r - a - 282 = 0, 0*a + 2*a + 214 = -3*r. Let j = 286 + r. What are the prime factors of (j/(-63))/((-1)/56)?
2, 3
Let c(b) = 481*b - 141. What are the prime factors of c(36)?
3, 5, 229
Let i be 128415/4 + 23/92. List the prime factors of i/56 + -3*(-2)/(-21).
3, 191
Let d be (-1)/((-21)/(-3)) - (-12414)/21. Let g = 1381 - d. List the prime factors of g.
2, 5, 79
Let k be 24/21*63/18. Let u be ((-351)/(-12))/(1/k). Let z = -66 + u. List the prime factors of z.
3, 17
Let x be 24 + 0/4*(0 - -1). Let a be 1/(2*3/x - 0). Suppose -a*b - 8 = -60. List the prime factors of b.
13
Suppose -5*o - 8 = 5*w + 2, -o + 3*w + 2 = 0. What are the prime factors of (14 - o)/(5 - (-144)/(-30))?
3, 5
Suppose b + 3*m - 7*m = 574, 0 = b - m - 577. What are the prime factors of b?
2, 17
Let b(s) = 2*s**2 + 2*s + 6. Let g be b(-7). Suppose 0 = 9*a - 2417 + 401. Let x = a - g. What are the prime factors of x?
2, 67
Let z(h) = -2*h**2 + 32*h - 21. Let k be (-14)/(-4)*(-3 - (3 + -10)). Let i be z(k). List the prime factors of ((-6)/9)/(6/9) + i.
2, 17
Suppose -5*l + 7 + 18 = 0. Let n(b) be the first derivative of b**4/2 - 8*b**3/3 + b**2 - 4*b + 165. List the prime factors of n(l).
2, 7
Let z be 2*-1 + 11 + -6. Suppose -4*c + 50 = -z*c. What are the prime factors of ((-160)/(-50))/(1 + (-46)/c)?
2, 5
Let a be -1*(21/(-9))/(1/3). Suppose o + 5*x + 1 = 0, 5*x = -a*o + 4*o + 7. Suppose -529 = -5*m - 5*r - 9, -o*r - 538 = -5*m. List the prime factors of m.
2, 53
Suppose 457*b - 673*b + 1258848 = 0. What are the prime factors of b?
2, 31, 47
Suppose -4*l - 5*b = 41, -l + 16 = -0*l - 4*b. Let w(q) = 12*q**2 - 18*q - 5. List the prime factors of w(l).
7, 37
Let s be 6*(-8)/16 + 1 + -3. What are the prime factors of s*(-10)/(-15)*-102?
2, 5, 17
Suppose 2*g - 3*o = 105072, -o + 244715 = 10*g - 280741. What are the prime factors of g?
3, 5, 31, 113
Let j = 259 + -958. Let c = j - -1755. List the prime factors of c.
2, 3, 11
Suppose 3144*z = 3155*z - 770. Let k be (3/(-4))/(1/20). Let d = z - k. What are the prime factors of d?
5, 17
Let l = 29 - 17. Let b be ((-8)/l)/(2/417). Let h = -80 - b. What are the prime factors of h?
59
Suppose -32 = 118*n - 122*n. Suppose -n*i + 9*i = 2*l + 343, 322 = i + 5*l. What are the prime factors of i?
337
Let g(v) = 8*v**3 + 5*v**2 - v - 3. Let m be g(3). Suppose 17*i = m - 2992. List the prime factors of ((-405)/18)/15 + i/(-2).
79
Let x = -980 - -1397. Suppose -1119 - x = -6*c. What are the prime factors of c?
2
Let w(u) = -u + 27. Let r be w(16). Let h(p) = 184*p - 268. What are the prime factors of h(r)?
2, 439
Let q(p) = -p**3 + 8*p**2 + 1. Let t be q(8). Let s = 74 - t. Suppose 0*l + 2*b + 22 = l, -4*l + 3*b = -s. List the prime factors of l.
2
Let a = 114955 + -62468. List the prime factors of a.
73, 719
List the prime factors of 2/(-20) - (3 - 77319/90).
2, 107
Let j(b) = 12*b**3 + 6*b**2 - 5*b + 64. What are the prime factors of j(6)?
2, 7, 29
Suppose 4*u + 5928 = n, 4*n + 4*u - 7*u = 23686. What are the prime factors of n?
2, 5, 37
Let r(m) = m**3 - 20*m**2 - 43*m - 16. Let j be r(22). Let d(i) = 4*i + 4*i - 5*i + 10. What are the prime factors of d(j)?
2, 7
Let v(r) = -22*r - 19. Let d be v(8). Let i = d - -298. Let j = i + -3. List the prime factors of j.
2, 5
Let m(x) be the first derivative of -10 + 79/2*x**2 + 2*x. What are the prime factors of m(2)?
2, 5
Suppose 136*y - 5815119 = -708455. List the prime factors of y.
37549
Let l = -425 + 2529. List the prime factors of l.
2, 263
Let k(p) = -2*p - 8. Let y be k(-12). Suppose -b + 8 = -3*f, -b - y = -3*b - 4*f. Suppose -b*u + 532 + 108 = 0. List the prime factors of u.
2, 5
Let g be 3644 + 108/81*3/(-2). Suppose -3*h = 1191 - g. What are the prime factors of h?
19, 43
Suppose 30*k - 274454 = 108046. List the prime factors of k.
2, 3, 5, 17
Let g = -31094 + 50745. List the prime factors of g.
43, 457
Let g = -76 + 79. Suppose -6*o = 9 + g. What are the prime factors of 6314/63 + o/9?
2, 5
Let p = -78 - -98. Suppose -4*u - p = 0, -4*u + 2*u = 5*w - 10. Suppose -4*r = w*k - 768, -183 = -4*k - 5*r + 581. List the prime factors of k.
2, 7
Let q(l) = -934*l + 2187. What are the prime factors of q(-14)?
15263
Suppose -5*n + 0*n + 30 = 2*p, -59 = -3*p - 4*n. Suppose -33 = -2*m - p. Suppose -3*o + m*b = -385, 5*o - b - b - 665 = 0. List the prime factors of o.
3, 5
Let k(a) = -a**3 - 8*a**2 + 9*a + 8. Let l be k(-9). What are the prime factors of (-6)/39 - l/((-208)/2526)?
97
Let r = -345 - -348. Suppose -l + 388 = -r*p, -3*l - p + 1139 = -5*p. What are the prime factors of l?
373
Let j(s) = 2*s**3 + 5*s**2 - 3. Let f be j(5). Let c = f - 189. What are the prime factors of 1 + c - 9/(81/18)?
2, 7, 13
Let m = -223 + 225. Suppose -m*p - 16 = -46. What are the prime factors of p?
3, 5
Suppose -22*j = 25*j - 1370599 + 5108. What are the prime factors of j?
17, 1709
Let b be ((-8094)/(-12) + -7)/(3/4). Suppose -257*j - b = -258*j. What are the prime factors of j?
2, 5, 89
Let l = 20 - 14. What are the prime factors of (-65 - -1)*((-72)/l + -3)?
2, 3, 5
Let b(z) = 0 + 11*z + 3 - 33*z. Let p = -1659 - -1655. What are the prime factors of b(p)?
7, 13
Let j = 26147 + -9958. What are the prime factors of j?
16189
Suppose 18*l = -33*l + 19*l + 1114176. What are the prime factors of l?
2, 3, 7, 829
Let u be -2 + -1 - -2 - 0. What are the prime factors of ((-15)/20)/(3/5144*u)?
2, 643
Let k(d) be the second derivative of d**3/2 + 9*d**2/2 + 25*d. Let g be k(-5). What are the prime factors of g*3*(-6 + 4)?
2, 3
List the prime factors of ((-13)/(-2))/(67430/(-11240) - -6).
2, 13, 281
Suppose -4*h - 700*l = -697*l - 79631, -2*h + 2*l = -39826. List the prime factors of h.
2, 5, 11, 181
Suppose -5*y - 5*k - 728 = -3*y, 2*y + 712 = -k. Suppose -16*x = -50*x + 22032. Let a = y + x. What are the prime factors of a?
2, 3, 7
Let t be (-4 - 120/(-25))/((-3)/(-30)). Let m(w) = -2*w + 23. Let f be m(t). Suppose -f*y = -4*y - 195. What are the prime factors of y?
5, 13
List the prime factors of 138/(6 - 6320/1056).
2, 3, 11, 23
Let i(l) = -1 - l**2 - 14*l - 5*l + 11. Suppose -2*n - n - g = 26, 3*n = 4*g - 46. List the prime factors of i(n).
2, 5
Suppose 5*w + 155437 = 2*i, -1319*i + 4*w = -1314*i - 388533. What are the prime factors of i?
13, 43, 139
Let v = -7740 + 13061. Suppose v = 21*i - 18871. What are the prime factors of i?
2, 3
Let s = -24 + 49. Let j be 916/40 + 3/30. Let w = j + s. List the prime factors of w.
2, 3
Suppose 0 = -11*c + 4*c + 6629. Suppose 0 = -3*g - 206 + c. Suppose 3*q = g + 8. List the prime factors of q.
5, 17
Let y(v) = 6*v**2 + 420*v + 225. List the prime factors of y(-128).
3, 14923
List the prime factors of 9/24 - 21663459/(-632) - (-16)/2.
2, 7, 31, 79
Let d = -198 + 201. Let x(r) = 10*r. What are the prime factors of x(d)?
2, 3, 5
Suppose -197 = -3*o + 133. Let p be (-11 - -10)/(2/164). Let u = p + o. What are the prime factors of u?
2, 7
Let n(f) = 110*f - 40. Let y be n(24). Suppose -13*w - y = -26*w. List the prime factors of w.
2, 5
Suppose -263*s + 885 = -262*s. Suppose 3*t - 1467 = s. List the prime factors of t.
2, 7
Suppose -147*o + 143*o + 2280 = 0. List the prime factors of -4*(-6)/132 - o/(-11).
2, 13
Su